?
True
Is 2577 a multiple of 28?
False
Does 54 divide 5025?
False
Is 57 a factor of 684?
True
Is 186 a factor of 1144?
False
Is 17 a factor of 47651?
True
Does 29 divide 2929?
True
Does 24 divide 9888?
True
Is 1464 a multiple of 15?
False
Is 7961 a multiple of 30?
False
Is 10203 a multiple of 97?
False
Is 15 a factor of 9690?
True
Is 39 a factor of 7786?
False
Is 11 a factor of 1441?
True
Is 13120 a multiple of 80?
True
Is 18 a factor of 2826?
True
Does 24 divide 558?
False
Does 13 divide 139282?
True
Does 13 divide 4355?
True
Is 636 a multiple of 53?
True
Is 2951 a multiple of 2?
False
Does 257 divide 40708?
False
Is 60 a factor of 61423?
False
Is 540 a multiple of 5?
True
Does 44 divide 470?
False
Does 14 divide 1162?
True
Is 54 a multiple of 3?
True
Is 49 a factor of 740?
False
Is 4136 a multiple of 33?
False
Does 16 divide 58215?
False
Is 27491 a multiple of 39?
False
Does 28 divide 31881?
False
Is 18 a factor of 7758?
True
Does 14 divide 714?
True
Does 18 divide 1458?
True
Is 10 a factor of 2100?
True
Does 2 divide 6024?
True
Does 14 divide 13731?
False
Does 13 divide 13812?
False
Does 26 divide 468?
True
Is 510 a multiple of 5?
True
Does 3 divide 31524?
True
Is 160 a multiple of 10?
True
Is 7657 a multiple of 6?
False
Does 21 divide 378?
True
Does 64 divide 120896?
True
Is 3149 a multiple of 47?
True
Does 21 divide 27337?
False
Does 8 divide 373?
False
Does 59 divide 96583?
True
Does 110 divide 880?
True
Is 9904 a multiple of 16?
True
Is 5853 a multiple of 3?
True
Is 7 a factor of 20068?
False
Is 1505 a multiple of 43?
True
Is 38 a factor of 836?
True
Is 12 a factor of 8490?
False
Is 774 a multiple of 9?
True
Is 294 a multiple of 98?
True
Is 22 a factor of 1386?
True
Is 7 a factor of 1166?
False
Is 23966 a multiple of 160?
False
Is 23 a factor of 16491?
True
Is 56 a multiple of 15?
False
Does 12 divide 30323?
False
Does 11 divide 146?
False
Is 1593 a multiple of 12?
False
Does 60 divide 67860?
True
Is 12 a factor of 2953?
False
Is 11 a factor of 7809?
False
Does 5 divide 2302?
False
Does 12 divide 51468?
True
Does 7 divide 4368?
True
Is 63 a factor of 3355?
False
Is 640 a multiple of 6?
False
Is 2378 a multiple of 3?
False
Is 28194 a multiple of 39?
False
Does 14 divide 29137?
False
Is 7 a factor of 1744?
False
Is 25 a factor of 575?
True
Is 61 a factor of 2501?
True
Is 14735 a multiple of 22?
False
Does 39 divide 398?
False
Is 26 a factor of 468?
True
Does 15 divide 300?
True
Does 334 divide 45424?
True
Does 14 divide 30452?
False
Does 45 divide 990?
True
Is 70 a factor of 4410?
True
Does 20 divide 800?
True
Does 36 divide 16612?
False
Is 20 a factor of 8240?
True
Does 38 divide 1748?
True
Is 5 a factor of 19162?
False
Does 19 divide 2508?
True
Is 40 a factor of 1400?
True
Is 351 a multiple of 39?
True
Does 58 divide 5858?
True
Is 56 a factor of 86856?
True
Is 95 a factor of 2196?
False
Does 53 divide 898?
False
Is 14000 a multiple of 125?
True
Is 696 a multiple of 3?
True
Does 120 divide 1200?
True
Is 425 a multiple of 17?
True
Does 31 divide 930?
True
Is 23851 a multiple of 91?
False
Is 29 a factor of 320?
False
Is 30 a factor of 7530?
True
Is 5 a factor of 3996?
False
Is 4074 a multiple of 24?
False
Does 8 divide 23736?
True
Is 96 a multiple of 8?
True
Is 5301 a multiple of 93?
True
Is 8827 a multiple of 48?
False
Is 15 a factor of 1545?
True
Is 6375 a multiple of 75?
True
Is 9120 a multiple of 20?
True
Does 28 divide 11452?
True
Is 6 a factor of 8460?
True
Is 2196 a multiple of 122?
True
Is 3 a factor of 3180?
True
Is 11 a factor of 385?
True
Is 68 a multiple of 35?
False
Is 1924 a multiple of 33?
False
Does 24 divide 9310?
False
Is 384 a multiple of 48?
True
Is 1536 a multiple of 32?
True
Does 5 divide 107?
False
Is 12 a factor of 4356?
True
Is 439 a factor of 55753?
True
Does 7 divide 397?
False
Is 1096 a multiple of 8?
True
Is 14 a factor of 84?
True
Is 4 a factor of 268?
True
Is 15 a factor of 2925?
True
Does 29 divide 9512?
True
Is 3 a factor of 2352?
True
Is 12 a factor of 3209?
False
Is 6132 a multiple of 73?
True
Is 2835 a multiple of 19?
False
Does 22 divide 239?
False
Does 11 divide 4821?
False
Is 24 a factor of 552?
True
Is 12 a factor of 2988?
True
Does 14 divide 210?
True
Is 5753 a multiple of 67?
False
Does 38 divide 78128?
True
Is 4234 a multiple of 41?
False
Is 65366 a multiple of 29?
True
Does 31 divide 4000?
False
Is 10 a factor of 1945?
False
Is 5 a factor of 295?
True
Is 12 a factor of 8241?
False
Is 388 a multiple of 25?
False
Does 160 divide 11040?
True
Is 14 a factor of 252?
True
Does 30 divide 19368?
False
Does 121 divide 1949?
False
Is 22 a factor of 17453?
False
Does 123 divide 30135?
True
Is 2048 a multiple of 64?
True
Does 57 divide 1215?
False
Is 14 a factor of 12586?
True
Does 356 divide 46837?
False
Is 92 a factor of 134?
False
Is 7 a factor of 2275?
True
Does 21 divide 79?
False
Is 14724 a multiple of 14?
False
Does 11 divide 14970?
False
Is 999 a multiple of 48?
False
Is 19505 a multiple of 78?
False
Is 48 a multiple of 16?
True
Is 3 a factor of 2492?
False
Does 26 divide 3016?
True
Is 405 a multiple of 4?
False
Is 42966 a multiple of 99?
True
Is 6358 a multiple of 26?
False
Is 7638 a multiple of 6?
True
Does 19 divide 3172?
False
Is 1599 a multiple of 8?
False
Is 17 a factor of 3230?
True
Does 265 divide 7950?
True
Is 21 a factor of 756?
True
Is 65 a factor of 4628?
False
Is 2143 a multiple of 11?
False
Is 39 a factor of 310?
False
Is 3990 a multiple of 70?
True
Does 90 divide 11666?
False
Is 3750 a multiple of 15?
True
Is 604 a multiple of 2?
True
Is 2904 a multiple of 24?
True
Does 7 divide 413?
True
Does 43 divide 10286?
False
Is 26912 a multiple of 47?
False
Is 20981 a multiple of 16?
False
Is 4756 a multiple of 24?
False
Is 6574 a multiple of 16?
False
Is 114 a multiple of 57?
True
Does 106 divide 9010?
True
Is 36 a factor of 394?
False
Does 17 divide 119?
True
Is 60102 a multiple of 81?
True
Is 15 a factor of 688?
False
Is 26 a factor of 4131?
False
Is 45 a factor of 2683?
False
Does 23 divide 4204?
False
Is 55640 a multiple of 104?
True
Does 23 divide 14451?
False
Is 15600 a multiple of 20?
True
Is 14 a factor of 332?
False
Is 8 a factor of 344?
True
Is 14 a factor of 980?
True
Is 242 a factor of 14520?
True
Is 3978 a multiple of 9?
True
Is 88 a factor of 27896?
True
Is 4730 a multiple of 43?
True
Does 9 divide 12716?
False
Is 2483 a multiple of 13?
True
Is 1252 a multiple of 59?
False
Is 56 a factor of 3360?
True
Does 128 divide 25728?
True
Is 89 a factor of 2403?
True
Is 1815 a multiple of 15?
True
Is 6 a factor of 180?
True
Is 1936 a multiple of 8?
True
Does 40 divide 1945?
False
Does 43 divide 4140?
False
Is 5 a factor of 32?
False
Is 6 a factor of 768?
True
Is 111 a multiple of 22?
False
Is 175 a multiple of 16?
False
Is 4004 a multiple of 19?
False
Does 38 divide 76?
True
Does 62 divide 858?
False
Does 78 divide 546?
True
Does 14 divide 266?
True
Is 193 a multiple of 11?
False
Does 4 divide 191?
False
Is 18 a factor of 122397?
False
Is 3360 a multiple of 40?
True
Is 13065 a multiple of 195?
True
Does 23 divide 32085?
True
Does 11 divide 16984?
True
Is 173 a factor of 14072?
False
Does 29 divide 9909?
False
Is 22983 a multiple of 47?
True
Is 110 a factor of 13640?
True
Is 1250 a multiple of 10?
True
Does 38 divide 2113?
False
Does 8 divide 176?
True
Does 279 divide 35433?
True
Is 43 a factor of 4859?
True
Is 104 a factor of 127280?
False
Does 21 divide 2037?
True
Is 975 a multiple of 5?
True
Is 109586 a multiple of 349?
True
Does 85 divide 59415?
True
Is 3 a factor of 276?
True
Does 49 divide 3724?
True
Is 5 a factor of 184?
False
Does 90 divide 1670?
False
Does 3 divide 66?
True
Is 173 a multiple of 36?
False
Does 14 divide 5670?
True
Is 2158 a multiple of 13?
True
Does 9 divide 135?
True
Is 528 a multiple of 28?
False
Does 19 divide 2694?
False
Is 47 a multiple of 4?
False
Does 24 divide 1501?
False
Does 72 divide 360?
True
Is 4 a factor of 116?
True
Does 47 divide 16355?
False
Does 129 divide 4515?
True
Is 80 a factor of 2871?
False
Is 2777 a multiple of 10?
False
Is 1060 a multiple of 14?
False
Is 29 a multiple of 11?
False
Does 11 divide 1256?
False
Is 40 a factor of 67301?
False
Does 29 divide 3277?
True
Does 81 divide 31539?
False
Does 33 divide 415?
False
Is 116 a multiple o